 - z. Is b prime?
True
Suppose -k = -2*m - 67932 + 252811, -2*m = 5*k - 184897. Is m composite?
True
Suppose -99634 = -3*n - 951*k + 950*k, -4 = -4*k. Is n prime?
True
Let q be (-2)/(-6)*585/39. Suppose 2*g = g - 3*a + 238, 2*g - a = 511. Suppose -742 - g = -q*v. Is v a composite number?
False
Let j be 3/(-2) - 98931/(-42). Suppose j = -18*p + 20*p. Is p composite?
True
Suppose 7*k - 45*k + 9348 = 0. Let h = -183 - -266. Let u = k - h. Is u composite?
False
Let w = 1345 - 1014. Is w composite?
False
Suppose o - 690 = -669. Suppose 25*f = o*f + 2776. Is f a prime number?
False
Let x = 280944 + -191266. Is x a prime number?
False
Suppose -3*l = 4*g + 98873 - 459842, -5*g = 30. Is l a prime number?
True
Let d be -124*-4*2/(8/172). Suppose -d = -4*v + 3868. Is v composite?
False
Let l be 4/(-14) + (-72)/(-7). Suppose 74*w - 80*w + 13302 = 0. Suppose -7*c - w = -l*c. Is c composite?
False
Let m(i) = 1115*i - 362. Let b = 75 - 43. Is m(b) a composite number?
True
Suppose 0 = -2*w - y + 2092182, -12553128 = -12*w - 11*y + 14*y. Is w a composite number?
True
Let k(q) = q**3 + 13*q**2 - 14*q + 2. Let i = -73 - -59. Let x be k(i). Suppose -2*l + 4*f + 874 = 0, -x*l = -3*l + f + 434. Is l composite?
False
Suppose -90*c + 150*c + 20*c - 33689200 = 0. Is c a prime number?
False
Suppose -8 = 10*m - 68. Let q be 14019/m - (-4)/(-8). Let g = q - 1393. Is g a prime number?
False
Suppose j = -3*j + 5*l + 12, 0 = 4*j + l - 12. Suppose 0 = 6*z - j - 15. Suppose -4*v - 2*c + 776 + 404 = 0, c = -z*v + 883. Is v a composite number?
False
Let v(n) = 88*n**2 + 416*n + 17. Is v(13) composite?
False
Suppose -20 = 17*h - 156. Suppose h*w - 3*w = 19105. Is w a composite number?
False
Suppose 17*h = 6*h - 132. Let d(a) = -a**3 - 13*a**2 - 12*a + 5. Let g be d(h). Is g/30 - 3327/(-18) a prime number?
False
Let d be 1 - (1 + 0 + -3). Suppose -5*y - 2*m + 18753 = 2*m, -5*y - d*m = -18751. Is y composite?
True
Let h(b) = -3863*b + 209. Is h(-4) composite?
False
Is (((-2522580)/18)/10)/(4/(-12)) composite?
False
Suppose 26*z + 4385476 - 15544962 = 0. Is z a prime number?
True
Let g = 159 + -146. Let x(k) = 2*k**3 - k**2 + 8*k + 12. Is x(g) prime?
False
Is ((-55)/(-22))/((63/168)/(45561/4)) a composite number?
True
Let k = -9 - -67. Let i = k + -56. Suppose -3*a = -5*x - 2224 - 1229, 2*x = i*a - 2302. Is a prime?
True
Let t(u) = 9*u**2 + 7*u - 21. Let v(h) = 12*h + 3. Let m be v(-9). Let y = -113 - m. Is t(y) a prime number?
True
Let u = -1268 - -1399. Is u composite?
False
Let n(h) = h**3 + 38*h**2 - 158*h + 1. Is n(28) prime?
False
Is 83050 - ((-9 - -6) + 12) a prime number?
False
Is 20/(-5)*30/220 + 17865891/99 a composite number?
False
Let g(l) = 6682*l**3 - 8*l**2 - 8*l. Let w be g(-1). Let u = w - -12461. Is u composite?
False
Let r(m) = 183*m + 2. Suppose 3*u = -5*u - 120. Let n = u - -22. Is r(n) composite?
False
Let j be (0 + 1)/((-1)/(-27)*3). Suppose -2*g = j*g - 101266. Is g composite?
True
Suppose 5*m = 87 - 92. Let d be (-27)/(-9) + (m + 2 - -2). Suppose -5*c + 20251 = d*c. Is c a prime number?
False
Let v(j) = 696*j + 34. Let o be v(-8). Let a = -766 - o. Suppose 0 = -2*x - 3*g + 102 + 2296, 4*x - a = g. Is x composite?
False
Suppose 2*f - 94799 = -5*p - 25304, 0 = -5*f + 4*p + 173655. Is f a composite number?
True
Suppose -61*t - 10 = -60*t. Is 5/t - 1799/(-2) prime?
False
Suppose 3*z + 12 = 0, -2*f + 11 = -2*z + 3. Let r be f + -8 - (6 - 5). Let g(v) = -v**3 - 7*v**2 + 4*v + 19. Is g(r) a composite number?
True
Let n(f) = -f**2 + 10*f - 8. Let q be n(10). Let y be q/(-10)*5115/(-6). Let z = y + 981. Is z a composite number?
True
Let z be -3 - (-9)/((-54)/(-48)). Suppose -z*g - 103853 = -22*g. Is g a prime number?
False
Suppose -8*s + 7*s = 2*a - 868239, -5*a = -10. Is s composite?
True
Let r be ((-96)/18*196)/(2/(-6)). Suppose 20*a - 22044 = r. Is a composite?
False
Let d be ((-24)/(-28))/(-4 + 59/14). Suppose -d*c - 3*c = -32935. Is c prime?
False
Suppose 0*z = -z - 4, -v - 4*z + 204765 = 0. Is v a prime number?
True
Is (-8 + 13 - (1 - 62306)) + 1 composite?
False
Suppose 0 = -2*z - q + 32826, 0 = -5*z + 5*q - 16842 + 98877. Is z a prime number?
True
Let j = 21607 - -3820. Is j composite?
True
Is 1608016/7 - (-414)/966 a composite number?
False
Let m(g) = 5934*g - 4183. Is m(15) a prime number?
True
Let f = 777358 - 450275. Is f a composite number?
True
Let o = -4 + 13. Let q(w) = -4 - 2 + 28 + 48*w**2 - o*w. Is q(-9) prime?
False
Suppose -6*z - 2 = -20. Suppose 2*d - 162882 = w, -2*w = -z*d - 3*w + 244313. Is d composite?
False
Suppose -3*w + 3*z + 66270 = 0, -z + 9836 = w - 12248. Let o = w - 10508. Is o composite?
False
Suppose 1944034 = 30*o - 1827176. Is o a prime number?
True
Suppose 2*r = -2*p + 139262, 4*p + 337*r - 278476 = 339*r. Is p a composite number?
False
Let y = 109669 - 12580. Is y composite?
True
Let s(w) = 12*w - 17*w**3 - 82*w**2 - 2*w + 13 + 76*w**2. Is s(-6) a composite number?
True
Suppose -8093 = -5*u + 2507. Suppose -48*r + 49*r = a - 3, 2*a + 5*r = 27. Suppose 0 = a*m - 2278 - u. Is m a prime number?
True
Let k(n) = -4737*n - 16. Let v = -125 - -124. Is k(v) prime?
True
Let d(g) = -86*g + 5367. Is d(-31) composite?
True
Let s = -826 + 6533. Is s prime?
False
Let x(f) = 61*f**2 - 20*f - 15. Let c(h) = 31*h**2 - 10*h - 7. Let k(y) = 9*c(y) - 4*x(y). Is k(8) composite?
True
Let p(l) = -554*l - 45. Let b(o) = 185*o + 15. Let v(h) = 8*b(h) + 3*p(h). Is v(-7) a composite number?
False
Let c(u) = 1695*u - 5136. Is c(69) a composite number?
True
Let q(s) = 122*s - 69. Suppose 1830 - 1826 = o. Is q(o) composite?
False
Suppose 0 = 5*t + 5, 4*t + t - 61 = -3*r. Suppose -r*u + 19*u + 3384 = 0. Suppose p - 3*h - u = -2*p, 373 = p - 2*h. Is p a prime number?
True
Suppose 25972748 = 138*f - 6990070. Is f a composite number?
True
Let d be ((-6)/(-3))/(4/4)*12. Suppose 5 = q, -d*q - 7869 = -4*k - 29*q. Is k a composite number?
True
Suppose -k = -n - 2*n - 258, n = -k + 258. Let t = 593 + k. Is t prime?
False
Let b be (-4)/(-6)*(9 + 0). Is (0 - (-3)/b)/((-2)/(-18692)) composite?
False
Suppose 0 = 3*m - 718 - 5213. Suppose -4*c - 5463 - m = -4*u, -3*u + 5576 = -c. Is u a composite number?
True
Let u = -402 - -444. Suppose -32*a = -u*a + 17770. Is a a prime number?
True
Let x = 54 + -54. Suppose 2*o + 2*b = x, 2*o - 3*b = 5 + 5. Suppose -m - 3*u = -1760, -o*u = 5*m - 7225 - 1562. Is m a composite number?
True
Suppose -2*b - 4 + 8 = 0. Let j(r) = 508*r - 6. Let o be j(5). Suppose -4*p - 5*h = -o, -b*p - 3165 = -7*p - 5*h. Is p prime?
True
Suppose 0 = 356*j - 362*j. Suppose 2*h + 4935 = g, 3*g - 4*h - 6685 - 8116 = j. Is g a composite number?
False
Let s = -31842 - -45766. Suppose -230 + s = 2*c. Is c composite?
True
Let p(g) = 5*g**2 + 27*g + 56. Let q be p(-18). Let a(b) = 105*b + 1. Let u be a(6). Let s = q - u. Is s prime?
False
Suppose -15225 = -k - 2*c, 0 = -k - 39*c + 41*c + 15229. Is k a composite number?
False
Suppose 36*m = 32*m + 3*a + 2267551, 2*m = 4*a + 1133778. Is m prime?
False
Let q = 867 - 182. Let h be (-36)/(-8)*1*12. Suppose 0 = b - q + h. Is b a prime number?
True
Suppose 30*f - 33*f - 211686 = -3*d, -2*d = -3*f - 141125. Is d a composite number?
True
Suppose 183 = -5*f - z - 3*z, -4*f - z - 153 = 0. Let r = 296 + f. Is r prime?
True
Is 17/3 + -3 - 2143029/(-63) composite?
False
Let j = -21 - -21. Suppose 0 = 4*b - 16, j = -3*d + 2*d - 2*b + 497. Suppose 5*u + q = -96 + d, 0 = 5*q + 10. Is u prime?
True
Is (-2)/(4*(-4)/611504) composite?
True
Let h(l) = -l**3 + 54*l**2 - 131*l + 167. Is h(45) a composite number?
False
Suppose 18*a - 16*a + 4 = 0, -230368 = -c + a. Is c prime?
False
Suppose -4*z - 4*b - 3 = -19, 2*b = -5*z + 17. Suppose -3*o + 55 = -1844. Suppose 0*y = -z*r - y + o, 2*y = 0. Is r composite?
False
Suppose -6*n = -10*n + 24. Suppose 3*x + r + 650 = 3831, 3*r + n = 0. Is x a composite number?
False
Let b(d) = -d**3 + 3*d**2 - 3*d - 1. Let x be b(3). Is (-4)/20 - 4492/x a prime number?
True
Let f(b) = 3353*b + 17. Let x be f(2). Let t = -3334 + x. Is t a prime number?
True
Suppose 0 = s - 3*s. Suppose -3*l - 48 = -3*g, -5*l - 40 = -3*g - s. Suppose b - 55 = -g. Is b prime?
False
Let k be (9/(-27))/((-1)/(-3)) - -35081. Suppose 5*r - 12305 = -3*o + 8735, -5*o + k = -5*r. Let t = o + -2518. Is t composite?
True
Let i(n) 